ulate the remainder when 3449411 is divided by 637.
56
Calculate the remainder when 42467 is divided by 8467.
132
Calculate the remainder when 216342 is divided by 108167.
8
What is the remainder when 293029505 is divided by 462?
461
What is the remainder when 1081748 is divided by 2931?
209
What is the remainder when 327139 is divided by 4141?
0
What is the remainder when 36120714 is divided by 9030178?
2
Calculate the remainder when 18059829 is divided by 80.
69
Calculate the remainder when 14591003 is divided by 14590958.
45
What is the remainder when 28596 is divided by 14129?
338
What is the remainder when 7290570 is divided by 2115?
165
What is the remainder when 3083198 is divided by 630?
608
Calculate the remainder when 229010 is divided by 6.
2
What is the remainder when 2918609 is divided by 42?
29
Calculate the remainder when 298350 is divided by 2985.
2835
Calculate the remainder when 53601 is divided by 53010.
591
What is the remainder when 1242956 is divided by 24?
20
What is the remainder when 237392 is divided by 5235?
1817
What is the remainder when 6014696 is divided by 3007344?
8
Calculate the remainder when 804225 is divided by 268001.
222
Calculate the remainder when 199289 is divided by 2074.
185
What is the remainder when 28968075 is divided by 4885?
25
Calculate the remainder when 92821 is divided by 7312.
5077
What is the remainder when 1634540 is divided by 17958?
362
What is the remainder when 9480511 is divided by 1020?
631
What is the remainder when 20404046 is divided by 3386?
10
Calculate the remainder when 1489677629 is divided by 16.
13
Calculate the remainder when 1185468 is divided by 780.
648
Calculate the remainder when 273197 is divided by 40.
37
Calculate the remainder when 1754755 is divided by 153.
151
Calculate the remainder when 2055368 is divided by 50.
18
Calculate the remainder when 4358767 is divided by 121076.
31
Calculate the remainder when 15340159 is divided by 17.
5
Calculate the remainder when 2142704 is divided by 1066.
44
Calculate the remainder when 25489866 is divided by 3186233.
2
Calculate the remainder when 27490717 is divided by 32.
29
Calculate the remainder when 128821 is divided by 39879.
9184
What is the remainder when 93993 is divided by 15586?
477
Calculate the remainder when 70968 is divided by 200.
168
Calculate the remainder when 157381 is divided by 1980.
961
Calculate the remainder when 194701 is divided by 17.
0
Calculate the remainder when 109148805 is divided by 6.
3
What is the remainder when 5209212 is divided by 773?
738
Calculate the remainder when 538786 is divided by 15504.
11650
What is the remainder when 147230 is divided by 8659?
27
What is the remainder when 2234247 is divided by 152?
151
Calculate the remainder when 52652191 is divided by 1924.
7
Calculate the remainder when 249496 is divided by 36.
16
Calculate the remainder when 19624 is divided by 1635.
4
Calculate the remainder when 70861 is divided by 832.
141
Calculate the remainder when 435838 is divided by 62185.
543
What is the remainder when 508140 is divided by 45?
0
Calculate the remainder when 446562 is divided by 8580.
402
What is the remainder when 368192 is divided by 811?
809
What is the remainder when 2603382 is divided by 113?
88
Calculate the remainder when 10249 is divided by 329.
50
What is the remainder when 34522108 is divided by 17261053?
2
What is the remainder when 1976122 is divided by 12507?
16
Calculate the remainder when 560966 is divided by 138.
134
Calculate the remainder when 4642915 is divided by 1547618.
61
Calculate the remainder when 6014632 is divided by 2004795.
247
What is the remainder when 740690 is divided by 312?
2
What is the remainder when 162881874 is divided by 5976?
18
What is the remainder when 363185 is divided by 2431?
966
What is the remainder when 28188 is divided by 13937?
314
Calculate the remainder when 3368641 is divided by 877.
84
What is the remainder when 4189546 is divided by 132?
130
Calculate the remainder when 986317 is divided by 311.
136
Calculate the remainder when 451484 is divided by 566.
382
Calculate the remainder when 36472 is divided by 186.
16
Calculate the remainder when 2901199 is divided by 32968.
15
Calculate the remainder when 12503803 is divided by 1389309.
22
Calculate the remainder when 16635602 is divided by 595.
592
What is the remainder when 629217 is divided by 3211?
3072
What is the remainder when 46288728 is divided by 15429574?
6
Calculate the remainder when 848991 is divided by 212104.
575
Calculate the remainder when 24469517 is divided by 263.
260
Calculate the remainder when 199558 is divided by 8.
6
Calculate the remainder when 20253958 is divided by 508.
506
Calculate the remainder when 436602 is divided by 1932.
1902
What is the remainder when 55661855 is divided by 211642?
9
What is the remainder when 414513 is divided by 51347?
3737
What is the remainder when 1329083 is divided by 1328914?
169
Calculate the remainder when 283184 is divided by 140143.
2898
Calculate the remainder when 251719 is divided by 125477.
765
Calculate the remainder when 20857986 is divided by 20857966.
20
What is the remainder when 5955982 is divided by 84?
46
Calculate the remainder when 19410595 is divided by 361.
347
Calculate the remainder when 120579040 is divided by 857.
854
Calculate the remainder when 37134 is divided by 1239.
1203
Calculate the remainder when 86031407 is divided by 118175.
7
What is the remainder when 38275919 is divided by 20?
19
Calculate the remainder when 6235043 is divided by 519586.
11
Calculate the remainder when 215162 is divided by 2009.
199
Calculate the remainder when 18862 is divided by 18820.
42
What is the remainder when 9157713 is divided by 5346?
15
What is the remainder when 90522 is divided by 1513?
1255
Calculate the remainder when 238848 is divided by 211.
207
What is the remainder when 1309901 is divided by 3122?
1783
What is the remainder when 2304391 is divided by 3384?
3271
Calculate the remainder when 7829375 is divided by 68.
59
What is the remainder when 11032 is divided by 2965?
2137
Calculate the remainder when 2961510 is divided by 67305.
90
What is the remainder when 38634063 is divided by 3502?
3501
What is the remainder when 13226003 is divided by 1415?
1413
Calculate the remainder when 82013176 is divided by 78.
76
What is the remainder when 229415 is divided by 12172?
10319
Calculate the remainder when 157043 is divided by 15466.
2383
What is the remainder when 675888 is divided by 209?
191
Calculate the remainder when 3652222 is divided by 384.
382
Calculate the remainder when 47979 is divided by 1414.
1317
Calculate the remainder when 24752535 is divided by 4.
3
What is the remainder when 181442 is divided by 1050?
842
What is the remainder when 6081904 is divided by 675738?
262
What is the remainder when 2314163 is divided by 270?
263
What is the remainder when 14962606 is divided by 4987528?
22
What is the remainder when 5969170 is divided by 2984580?
10
What is the remainder when 21202597 is divided by 5?
2
What is the remainder when 1057844 is divided by 62225?
19
Calculate the remainder when 1505327 is divided by 501773.
8
Calculate the remainder when 930806 is divided by 691.
29
What is the remainder when 746389077 is divided by 10?
7
Calculate the remainder when 32608 is divided by 387.
100
Calculate the remainder when 319895 is divided by 12303.
17
What is the remainder when 499458 is divided by 166478?
24
What is the remainder when 413731 is divided by 413614?
117
What is the remainder when 875829 is divided by 572?
97
What is the remainder when 158483 is divided by 78903?
677
What is the remainder when 23488401 is divided by 224?
209
What is the remainder when 5672070 is divided by 128?
6
Calculate the remainder when 6884994 is divided by 27987.
192
Calculate the remainder when 82499452 is divided by 2587.
22
What is the remainder when 503066 is divided by 1028?
374
Calculate the remainder when 842256915 is divided by 667.
664
Calculate the remainder when 40261678 is divided by 28.
2
Calculate the remainder when 1406473 is divided by 11799.
2392
What is the remainder when 31126464 is divided by 138?
12
Calculate the remainder when 886748550 is divided by 1771.